(0 + -2 - -9) + (69 - (-48 + (78 - 8))).
54
Evaluate -4 + -2 + 4 - (769 - 781).
10
What is 35 + (9 + (-2 - 0) + -19 - -32)?
55
What is 9 - (-1 - (-23 - (-11 + 1 + 4) - 10))?
-17
What is the value of 50 + -15 + (18 + -6 - 9) + 27?
65
Evaluate -14 + -1 + -21 + (-7 - -12) - 3.
-34
What is the value of 29 - (-76 - (-105 + 49))?
49
What is -68 + (39 - 18) + 16 + -18?
-49
-70 + (127 + 49 - 62)
44
What is the value of (108 - (20 + (-7 - 2))) + -232 + 207?
72
Calculate 0 + ((8 - (18 - 6)) + 61 - 6).
51
(12 - 13) + 7 + (-10 - (45 - -5))
-54
What is 60 - 36 - (3 + 103 + (-27 - -17))?
-72
Evaluate (5 - 6 - -12 - 4) + (-18 - 3 - 0).
-14
Calculate -57 - (93 + -237 + 151).
-64
Calculate 19 + -2 + (36 + 38 - (-23 + 34)).
80
What is the value of 7 - (2 + 0 + -12 - -9) - -5?
13
What is 89 - 140 - (7 - -15 - 5)?
-68
Evaluate 9 - 21 - (-83 - -32 - (0 - -11) - 11).
61
What is -86 + 65 - (-76 + 1 + -9)?
63
What is -35 + -37 + 93 - (50 + -3)?
-26
Calculate -52 + 33 - (16 + -58).
23
Evaluate -4 - -10 - (4 + 0 - (-150 - -148)) - 70.
-70
(88 - -3 - 30) + (2 - 1 - -2)
64
Evaluate (-9 - (13 + 29 + -68)) + -21.
-4
What is the value of 27 - (-27 + 41 - -47)?
-34
Evaluate -42 + 32 + -18 - (-3 + 5).
-30
-1 + (-5 - -6) + (-30 - -37) - -55
62
What is the value of (-30 - 20 - (-4 - (-6 - 13))) + (-1 - -5)?
-61
Evaluate -2608 - -2603 - (-67 + -1).
63
What is (13 - (22 - 15)) + -21 - -15?
0
What is -178 - -153 - -8 - (-1 - 75)?
59
Calculate 6 - (-10 - (17 + 7)).
40
What is -12 - (-4 + 7 + (-4 - -4) + -4)?
-11
-32 + (-59 - -45 - -38)
-8
171 - (30 + 147) - (1 - 5)
-2
What is 53 + 103 + -261 + -21?
-126
Calculate (-5 - -30 - (-54 - -54)) + -9.
16
What is -28 + (-37 - (-56 - 16))?
7
18 + (99 - (35 - 33))
115
What is the value of -48 + 0 + (32 - (1 + (11 - -24)))?
-52
What is the value of 14 + -43 - -11 - (-23 + 53)?
-48
Calculate (36 - 82) + 59 - (32 - -1).
-20
(-1 - -1) + 70 + -78 + (74 - 61)
5
(0 - 0) + 147 - ((1283 - 1261) + (-32 - -1))
156
What is the value of -52 + 21 + -47 - -55?
-23
8 + -1 + -4 - -38 - (50 - 41)
32
Evaluate (-4 - -6) + (-119 - -156).
39
25 - (-25 + (32 - 5) - -26)
-3
What is the value of -4 - (0 + -5 + (-49 + 59 - -3))?
-12
What is 0 - 1 - ((21 - 21) + -10 + 6 + 17)?
-14
Calculate (-2 - (0 + -8 - -1)) + 33 + (-116 - -59).
-19
Evaluate -11210 + 11185 - (1 - 74).
48
What is 9 + 1 + (40 - 112 - -36) + 18?
-8
Calculate 2 + 15 + 1 + -108 + 70.
-20
Calculate -2 - (13 + (9 - 3) - (168 - 200)).
-53
Calculate 3 - (-9 + (-30 - -39 - (-9 + -4)) + 3).
-13
Evaluate 41 + (1 - 17 - 10) - (1 - (-36 + 1)).
-21
What is 1 + 1 + -46 + 1338 + -1326?
-32
What is the value of (-2 - -1) + 11 + (-32 - (45 + -114))?
47
Calculate 119 + -91 - (3 + 28) - (-16 + (1 - -1)).
11
What is (25 - (7 - (-19 - (6 + -18)))) + (-59 - 1)?
-49
What is 124 + -8 - (-19 - (6 - 14) - -20)?
107
Evaluate -45 + (13 - (7 + -28)) - (52 + -2 + -2).
-59
Calculate 13 + -14 + -50 + (-1 - 2) + -24 + 32.
-46
Calculate -16 - -46 - (6 + (-9 + 6 - 7)).
34
What is 79 + -73 + (-27 - -8) + 45?
32
What is the value of -50 + 48 + (0 + 4 + 0 - (-201 - -189))?
14
What is the value of -95 + (97 - (0 - -55))?
-53
Evaluate ((-2 - -2 - -2) + 16 - (29 - 18)) + 23.
30
-3 + 5 + 3 - (74 + -65 + -2 + -9)
7
What is the value of -25 - (25 + -43) - (10 + -23)?
6
What is (-36 - -32) + 1 + 30 + -10?
17
Evaluate (0 - 11) + (32 - 40) + (-15 + 9 - -140).
115
4 + (-4 - (2 - 21)) - (-15 - -27)
7
What is the value of -48 + -33 + -1 + 38?
-44
5 + 2 + (-8 - 1) + (-16 - -13) + 52
47
What is the value of -41 - -79 - (7 + -3) - 13?
21
Calculate 11 - (8 + -1 - (-10 + -8)) - -60.
46
Evaluate -10 - (-4 - 51) - 75.
-30
Evaluate 13 + -18 + 20 + -10 + -49 + -7.
-51
-5 + 3 + -1 - (-37 - 4 - (-228 - -265))
75
Evaluate -16 - (52 + -34 + -50).
16
What is the value of 64 + -1 + 6 + (15 + -21 - 6)?
57
Evaluate -20 + -5 + (43 + -61 - -35 - (0 + 7)).
-15
What is the value of 14 + (-10 - (19 + -16) - -13)?
14
Evaluate -52 + 14 - (0 + -2 + -6 - -9).
-39
What is the value of -70 + 0 - (-18083 - -18018)?
-5
What is -3 + (94 + -60 - 93) + -6 + 0 + 1?
-67
What is 8 - (-4 - 4) - (1 + 18 + 49)?
-52
Evaluate (-13 + 13 - 5) + 13 + -16 + -36 + 9.
-35
Calculate -200 + 194 + (1 - -2) - (-123 + 9 + -1).
112
9878 + -9918 - (0 - (15 + -1 + 3))
-23
What is the value of -13 + -2 - (5 + -3 - (-3 + 8))?
-12
What is the value of 3 - (2 + -12 - (7 + -35 - -76))?
61
What is (-11 + 31 - 5) + -18 + -15 + -1?
-19
Calculate -43 + 1 + 12 + (403 - 394).
-21
What is 3 - 41 - (85 + -128)?
5
Evaluate 31 + -32 + -8 - -14.
5
What is 24 - -119 - (116 - 29)?
56
What is (9 - -1 - (20 + -17)) + 9?
16
Calculate -1 + -12 + (22 - 0) + -19 - -44.
34
What is -9 + (-2 - 19) + (1 - -11) - -7?
-11
What is (-132 - -127 - (0 - -36)) + 2 + 11?
-28
Calculate 30 + 17 + -130 + 46.
-37
61 + (-14 + -1 - (6 + -3 + 9 - 16))
50
-7 + 1 - (-47 + -115 + 166)
-10
Evaluate 65 + 0 - ((4 - 20) + 19 - (-2 - 5)).
55
Calculate -3 - 90 - (4 - 22 - -21 - -20).
-116
(-2 - (-2 + 7)) + (40 + -12 - 34 - 27)
-40
(-7 - 6) + (15 - (-6 + 19 - -15))
-26
What is the value of -6 + (262 - 253 - (0 + (-11 - -4) + -4))?
14
What is the value of 89 + -4 + -74 + 46?
57
Calculate (-193 - -216) + 1 + -2 + 2.
24
Calculate -51 - (-26 - (9 - (34 - -18))).
-68
What is 45 + -114 + 46 + 97?
74
-237 + 258 + (12 - -1)
34
-41 + -5 - -6 - (-89 - (-125 - -56))
-20
What is 60 - 1 - (-16 + (-9 - -8 - -25))?
51
What is -11 - (-28 + 33 + 79) - -27?
-68
-28 + -50 - -92 - (58 + 2)
-46
18 + 0 - (-13 - (10 - (15 + 3 + 17)))
6
Calculate -19 - (43 - (36 + -3 + -12)).
-41
What is the value of ((103 - 98) + (1 - 1) - 28) + -3 + 7?
-19
-1 + -1 - -14 - (16 - (-24 + 160 + 6))
138
What is (-2 - (-11 + 7)) + 5 + 24 + -39?
-8
Evaluate (-25 - (-12 + 44 - 24)) + 98.
65
109 - (-36 - (61 - 147))
59
What is 287 - 302 - (-88 + (-13 - -6))?
80
Evaluate 62 + 0 - (38 - (73 + -24) - -4).
69
Calculate 42 + (9 - 5 - 0 - 7 - -5).
44
What is 84 + -134 + -217 + 168?
-99
Calculate -141 - -89 - -146 - 84.
10
What is 60 + -38 + (5 - (0 + 1 + (4 - 13)))?
35
What is -1 + (2 - 3) + (-85 - -66 - -26)?
5
Calculate 54 - (-5 + 34 + 62).
-37
Calculate (1599 - 1613) + (1 + 0 - -33) - 6.
14
(-2 - -72) + (4951 - 4933)
88
Evaluate (-108 - -13) + 78 + -121.
-138
Evaluate 0 - (-10 + 15) - (-92 + 107).
-20
-9 + -1 + 0 - ((-11 - -36 - 69) + 41)
-7
Evaluate 8560 + -8498 + (-81 - -1).
-18
What is the value of 17 + -21 - ((-6 - 23) + -35)?
60
What is the value of 18 + (-1 - (89 + -12 - -3))?
-63
Calculate -82 + (-1 - -3) - (19 + (9 - 32) + 14).
-90
Calculate -248 + 134 - -101 - (1 + (2 - -30)).
-46
What is the value of -13 - (8 - (-20 + (-11 + -1 - -24)))?
-29
Evaluate 27 + 3 + 100 + -93 + -29.
8
Evaluate -142 + 183 + (-2 - 5) + -6.
28
What is 48 + (-8 - (5 - 3)) - (16 + -6)?
28
What is 10 + -1 + (2 - -4) - (-10 - -5)?
20
(-15 - (69 - 42)) + 55
13
What is (30 - 8) + (28 - (-21 + 12))?
59
(-4 - 1) + (-207 - -219 - (-1 + -2 - -4))
6
Evaluate -54 - -86 - -18 - 64.
-14
Calculate 23 + -23 - 155 - -40.
-115
Evaluate 103 + 4 - (-36 - -29) - (5 + (-8 - -6)).
111
-5 + (-23 - (-7 + -7) - -37 - 9)
14
Calculate (25 - (-9 + 77 + 20 - -26)) + -11 + 1.
-99
What is the value of 3 - ((106 + -19 - 0) + (28 - 41))?
-71
29 + (-103 + 39 - -90)
55
32 - -20 - (32 + -30)
50
Calculate (-1 + 3 - (8 + -8)) + (7165 - 7167).
0
Evaluate -16 - (95 + -73 - (5 - -34)).
1
What is the value of -15 + -1 + (372 - 341)?
15
What is the value of -34 + -153 + 158 + (-29 - 3)?
-61
Evaluate 12 + (56 - 64) - 31.
-27
17 - (19 - (-78 - -27))
-53
What is the value of -11 - (-18 - (14 + -66))?
-45
What is (8 - 38) + (-40 - -22 - -80)?
32
Calculate 54 + 0 + (10 - 68) - (-34 - 1).
31
(2 + 28 - -2) + (105 - 120) + -11
6
(-1 - 56) + (-73 - (-45 + -23))
-62
What is 0 - -11 - (72 - (-68 + 147))?
18
Evaluate 6 + -2 - ((-46 - (0 - 44)) + 92).
-86
What is the value of 57 + (-34 - (61 - 36))?
-2
What is the value of (-86 + 2 - 0) + 416 + -407 - -18?
-57
What is the value of 8 + -13 + 11 + (-10 - -11) + 90 - 9?
88
What is (23 + 28 - 79) + 11 + -65?
-82
-78 - (215 - 218 - (7 + (2 - 2)))
-68
-6 - (11 - 0) - -13 - -70 - 7
59
What is the value of -15 + -8 + -68 + 179?
88
What is 20 - ((29 - 31) + -5)?
27
Evaluate 22 + (-7 + (4 - 4) + -7 - (-5 - 5)).
18
13 + -29 + 13 + 1 - -35
33
Calculate -137 + 2 - -12 - ((-16 - 1) + 9 + 1).
-116
What is the value of -1107 + 1163 + -6 + 